{"id":3212,"date":"2022-02-08T21:06:34","date_gmt":"2022-02-08T21:06:34","guid":{"rendered":"https:\/\/wordpress-403092-6062885.cloudwaysapps.com\/?post_type=company&#038;p=3212"},"modified":"2022-02-08T21:06:34","modified_gmt":"2022-02-08T21:06:34","slug":"centre-franco-ontarien-de-folklore","status":"publish","type":"company","link":"https:\/\/jobimpact.ca\/en\/company\/centre-franco-ontarien-de-folklore\/","title":{"rendered":"Centre franco-ontarien de folklore"},"content":{"rendered":"<p>CRIT\u00c8RES D\u2019ADMISSIBILIT\u00c9<br \/>\n\u2022\u00a0\u00a0\u00a0\u00a0\u00a0\u00a0\u00a0 La personne recherch\u00e9e poss\u00e9dera un dipl\u00f4me d&#8217;\u00e9tude universitaire en Mus\u00e9ologie, en histoire, en folklore, en communication ou dans un domaine connexe.<\/p>\n<p>\u2022\u00a0\u00a0\u00a0\u00a0\u00a0\u00a0\u00a0 Nous accepterons aussi une personne ayant une formation coll\u00e9giale en administration de bureau, avec un penchant pour la recherche.<\/p>\n<p>\u2022\u00a0\u00a0\u00a0\u00a0\u00a0\u00a0\u00a0 Les personnes poss\u00e9dant de l&#8217;exp\u00e9rience dans le domaine de la recherche historique, dans la cr\u00e9ation d&#8217;exposition ou dans la r\u00e9alisation d&#8217;entrevues individuelle seraient un atout.<\/p>\n<p>\u2022\u00a0\u00a0\u00a0\u00a0\u00a0\u00a0\u00a0 La personne devra poss\u00e9der un permis de conduire valide.<\/p>\n<p>\u2022\u00a0\u00a0\u00a0\u00a0\u00a0\u00a0\u00a0 Les candidats doivent \u00eatre bilingues.<\/p>\n<p>&nbsp;<\/p>\n<p>QUALIT\u00c9S REQUISES<br \/>\n\u2022\u00a0\u00a0\u00a0\u00a0\u00a0\u00a0 Excellente gestion de son temps et organisation de travail<\/p>\n<p>\u2022\u00a0\u00a0\u00a0\u00a0\u00a0\u00a0 Excellent entregent et faciliter \u00e0 travailler avec le public<\/p>\n<p>\u2022\u00a0\u00a0\u00a0\u00a0\u00a0\u00a0 Travail d&#8217;\u00e9quipe et travailler de fa\u00e7on autonome<\/p>\n<p>\u2022\u00a0\u00a0\u00a0\u00a0\u00a0\u00a0 Respect des \u00e9ch\u00e9ances<\/p>\n<p>&nbsp;<\/p>\n<p>CONDITIONS DU POSTE :<\/p>\n<p>19,20 $ \/ heure<\/p>\n<p>Poste temporaire \u00e0 temps plein d\u2019un an \/ 35 heures par semaine<\/p>\n<p>Date pr\u00e9vue d&#8217;entr\u00e9e en fonction: D\u00e8s que possible<\/p>\n<p>&nbsp;<\/p>\n<p>Veuillez faire parvenir votre demande accompagn\u00e9e d\u2019une lettre de pr\u00e9sentation et votre CV en fran\u00e7ais par courriel avant le 13 f\u00e9vrier 2022 au cfof@cfof.on.ca \u00e0 Isabelle Ratt\u00e9, adjointe administrative. Pour plus d\u2019information :<\/p>\n<p>705 675 8986.<\/p>\n<p>&nbsp;<\/p>\n<p>Le Centre franco-ontarien de folklore souscrit au principe de l&#8217;\u00e9galit\u00e9 d&#8217;acc\u00e8s \u00e0 l&#8217;emploi et s&#8217;engage \u00e0 respecter la diversit\u00e9 et l&#8217;int\u00e9gration dans ses pratiques d&#8217;emploi. Nous reconnaissons le droit des candidats et des employ\u00e9s \u00e0 \u00eatre trait\u00e9s de fa\u00e7on juste et \u00e9quitable, en vertu du Code des droits de la personne de l&#8217;Ontario.<\/p>\n<p>Nous communiquerons seulement avec les personnes convoqu\u00e9es \u00e0 une entrevue.<\/p>\n<p>Cette offre d&#8217;emploi est fi\u00e8rement soutenue par la Soci\u00e9t\u00e9 de gestion du Fonds du patrimoine du Nord de l&#8217;Ontario et financ\u00e9e par le volet D\u00e9veloppement de la main-d&#8217;\u0153uvre du Programme pour la main-d&#8217;\u0153uvre et le talent. Vous pouvez trouver ici de l&#8217;information sur l&#8217;admissibilit\u00e9 au volet : https:\/\/nohfc.ca\/fr\/pages\/programs\/people-talentprogram\/workforce-development-stream<\/p>\n","protected":false},"excerpt":{"rendered":"<p>CRIT\u00c8RES D\u2019ADMISSIBILIT\u00c9 \u2022\u00a0\u00a0\u00a0\u00a0\u00a0\u00a0\u00a0 La personne recherch\u00e9e poss\u00e9dera un dipl\u00f4me d&#8217;\u00e9tude universitaire en Mus\u00e9ologie, en histoire, en folklore, en communication ou dans un domaine connexe. \u2022\u00a0\u00a0\u00a0\u00a0\u00a0\u00a0\u00a0 Nous accepterons aussi une personne&#8230;<\/p>\n","protected":false},"author":71,"featured_media":0,"comment_status":"closed","ping_status":"closed","template":"","meta":{"_seopress_titles_title":"","_seopress_titles_desc":"","_seopress_robots_index":"","_seopress_robots_follow":"","_seopress_robots_imageindex":"","_seopress_robots_snippet":"","_seopress_robots_primary_cat":"","_seopress_robots_breadcrumbs":"","_seopress_robots_freeze_modified_date":"","_seopress_robots_custom_modified_date":"","_seopress_robots_canonical":"","_seopress_social_fb_title":"","_seopress_social_fb_desc":"","_seopress_social_fb_img":"","_seopress_social_fb_img_attachment_id":0,"_seopress_social_fb_img_width":0,"_seopress_social_fb_img_height":0,"_seopress_social_twitter_title":"","_seopress_social_twitter_desc":"","_seopress_social_twitter_img":"","_seopress_social_twitter_img_attachment_id":0,"_seopress_social_twitter_img_width":0,"_seopress_social_twitter_img_height":0,"_seopress_redirections_value":"","_seopress_redirections_enabled":"","_seopress_redirections_enabled_regex":"","_seopress_redirections_logged_status":"","_seopress_redirections_param":"","_seopress_redirections_type":0,"_seopress_analysis_target_kw":"","_seopress_news_disabled":"","_seopress_video_disabled":"","_seopress_video":[],"_seopress_pro_schemas_manual":[],"_seopress_pro_rich_snippets_disable_all":"","_seopress_pro_rich_snippets_disable":[],"_seopress_pro_schemas":[]},"company_category":[203,205],"company_strength":[],"company_average_salary":[],"company_revenue":[],"class_list":["post-3212","company","type-company","status-publish","hentry","company_category-communication-en","company_category-community"],"_links":{"self":[{"href":"https:\/\/jobimpact.ca\/en\/wp-json\/wp\/v2\/company\/3212","targetHints":{"allow":["GET"]}}],"collection":[{"href":"https:\/\/jobimpact.ca\/en\/wp-json\/wp\/v2\/company"}],"about":[{"href":"https:\/\/jobimpact.ca\/en\/wp-json\/wp\/v2\/types\/company"}],"author":[{"embeddable":true,"href":"https:\/\/jobimpact.ca\/en\/wp-json\/wp\/v2\/users\/71"}],"replies":[{"embeddable":true,"href":"https:\/\/jobimpact.ca\/en\/wp-json\/wp\/v2\/comments?post=3212"}],"wp:attachment":[{"href":"https:\/\/jobimpact.ca\/en\/wp-json\/wp\/v2\/media?parent=3212"}],"wp:term":[{"taxonomy":"company_category","embeddable":true,"href":"https:\/\/jobimpact.ca\/en\/wp-json\/wp\/v2\/company_category?post=3212"},{"taxonomy":"company_strength","embeddable":true,"href":"https:\/\/jobimpact.ca\/en\/wp-json\/wp\/v2\/company_strength?post=3212"},{"taxonomy":"company_average_salary","embeddable":true,"href":"https:\/\/jobimpact.ca\/en\/wp-json\/wp\/v2\/company_average_salary?post=3212"},{"taxonomy":"company_revenue","embeddable":true,"href":"https:\/\/jobimpact.ca\/en\/wp-json\/wp\/v2\/company_revenue?post=3212"}],"curies":[{"name":"wp","href":"https:\/\/api.w.org\/{rel}","templated":true}]}}

<p>CRITÈRES D’ADMISSIBILITÉ<br />
•        La personne recherchée possédera un diplôme d&#8217;étude universitaire en Muséologie, en histoire, en folklore, en communication ou dans un domaine connexe.</p>
<p>•        Nous accepterons aussi une personne ayant une formation collégiale en administration de bureau, avec un penchant pour la recherche.</p>
<p>•        Les personnes possédant de l&#8217;expérience dans le domaine de la recherche historique, dans la création d&#8217;exposition ou dans la réalisation d&#8217;entrevues individuelle seraient un atout.</p>
<p>•        La personne devra posséder un permis de conduire valide.</p>
<p>•        Les candidats doivent être bilingues.</p>
<p>&nbsp;</p>
<p>QUALITÉS REQUISES<br />
•       Excellente gestion de son temps et organisation de travail</p>
<p>•       Excellent entregent et faciliter à travailler avec le public</p>
<p>•       Travail d&#8217;équipe et travailler de façon autonome</p>
<p>•       Respect des échéances</p>
<p>&nbsp;</p>
<p>CONDITIONS DU POSTE :</p>
<p>19,20 $ / heure</p>
<p>Poste temporaire à temps plein d’un an / 35 heures par semaine</p>
<p>Date prévue d&#8217;entrée en fonction: Dès que possible</p>
<p>&nbsp;</p>
<p>Veuillez faire parvenir votre demande accompagnée d’une lettre de présentation et votre CV en français par courriel avant le 13 février 2022 au cfof@cfof.on.ca à Isabelle Ratté, adjointe administrative. Pour plus d’information :</p>
<p>705 675 8986.</p>
<p>&nbsp;</p>
<p>Le Centre franco-ontarien de folklore souscrit au principe de l&#8217;égalité d&#8217;accès à l&#8217;emploi et s&#8217;engage à respecter la diversité et l&#8217;intégration dans ses pratiques d&#8217;emploi. Nous reconnaissons le droit des candidats et des employés à être traités de façon juste et équitable, en vertu du Code des droits de la personne de l&#8217;Ontario.</p>
<p>Nous communiquerons seulement avec les personnes convoquées à une entrevue.</p>
<p>Cette offre d&#8217;emploi est fièrement soutenue par la Société de gestion du Fonds du patrimoine du Nord de l&#8217;Ontario et financée par le volet Développement de la main-d&#8217;œuvre du Programme pour la main-d&#8217;œuvre et le talent. Vous pouvez trouver ici de l&#8217;information sur l&#8217;admissibilité au volet : https://nohfc.ca/fr/pages/programs/people-talentprogram/workforce-development-stream</p>

<p>CRITÈRES D’ADMISSIBILITÉ •        La personne recherchée possédera un diplôme d&#8217;étude universitaire en Muséologie, en histoire, en folklore, en communication ou dans un domaine connexe. •        Nous accepterons aussi une personne&#8230;</p>
