{"id":3409,"date":"2022-03-08T19:01:35","date_gmt":"2022-03-08T19:01:35","guid":{"rendered":"https:\/\/wordpress-403092-6062885.cloudwaysapps.com\/?post_type=company&#038;p=3409"},"modified":"2022-05-30T22:00:25","modified_gmt":"2022-05-30T22:00:25","slug":"fondation-canadienne-pour-le-dialogue-des-cultures","status":"publish","type":"company","link":"https:\/\/jobimpact.ca\/en\/company\/fondation-canadienne-pour-le-dialogue-des-cultures\/","title":{"rendered":"Fondation canadienne pour le dialogue des cultures"},"content":{"rendered":"<p>La Fondation canadienne pour le dialogue des cultures organise plusieurs projets nationaux visant \u00e0 soutenir et promouvoir le dialogue et le rapprochement entre les diff\u00e9rentes composantes de la soci\u00e9t\u00e9 canadienne.<\/p>\n","protected":false},"excerpt":{"rendered":"<p>La Fondation canadienne pour le dialogue des cultures organise plusieurs projets nationaux visant \u00e0 soutenir et promouvoir le dialogue et le rapprochement entre les diff\u00e9rentes composantes de la soci\u00e9t\u00e9 canadienne.<\/p>\n","protected":false},"author":83,"featured_media":3407,"comment_status":"closed","ping_status":"closed","template":"","meta":{"_seopress_titles_title":"","_seopress_titles_desc":"","_seopress_robots_index":"","_seopress_robots_follow":"","_seopress_robots_imageindex":"","_seopress_robots_snippet":"","_seopress_robots_primary_cat":"","_seopress_robots_breadcrumbs":"","_seopress_robots_freeze_modified_date":"","_seopress_robots_custom_modified_date":"","_seopress_robots_canonical":"","_seopress_social_fb_title":"","_seopress_social_fb_desc":"","_seopress_social_fb_img":"","_seopress_social_fb_img_attachment_id":0,"_seopress_social_fb_img_width":0,"_seopress_social_fb_img_height":0,"_seopress_social_twitter_title":"","_seopress_social_twitter_desc":"","_seopress_social_twitter_img":"","_seopress_social_twitter_img_attachment_id":0,"_seopress_social_twitter_img_width":0,"_seopress_social_twitter_img_height":0,"_seopress_redirections_value":"","_seopress_redirections_enabled":"","_seopress_redirections_enabled_regex":"","_seopress_redirections_logged_status":"","_seopress_redirections_param":"","_seopress_redirections_type":0,"_seopress_analysis_target_kw":"","_seopress_news_disabled":"","_seopress_video_disabled":"","_seopress_video":[],"_seopress_pro_schemas_manual":[],"_seopress_pro_rich_snippets_disable_all":"","_seopress_pro_rich_snippets_disable":[],"_seopress_pro_schemas":[]},"company_category":[205],"company_strength":[],"company_average_salary":[],"company_revenue":[],"class_list":["post-3409","company","type-company","status-publish","has-post-thumbnail","hentry","company_category-community"],"_links":{"self":[{"href":"https:\/\/jobimpact.ca\/en\/wp-json\/wp\/v2\/company\/3409","targetHints":{"allow":["GET"]}}],"collection":[{"href":"https:\/\/jobimpact.ca\/en\/wp-json\/wp\/v2\/company"}],"about":[{"href":"https:\/\/jobimpact.ca\/en\/wp-json\/wp\/v2\/types\/company"}],"author":[{"embeddable":true,"href":"https:\/\/jobimpact.ca\/en\/wp-json\/wp\/v2\/users\/83"}],"replies":[{"embeddable":true,"href":"https:\/\/jobimpact.ca\/en\/wp-json\/wp\/v2\/comments?post=3409"}],"wp:attachment":[{"href":"https:\/\/jobimpact.ca\/en\/wp-json\/wp\/v2\/media?parent=3409"}],"wp:term":[{"taxonomy":"company_category","embeddable":true,"href":"https:\/\/jobimpact.ca\/en\/wp-json\/wp\/v2\/company_category?post=3409"},{"taxonomy":"company_strength","embeddable":true,"href":"https:\/\/jobimpact.ca\/en\/wp-json\/wp\/v2\/company_strength?post=3409"},{"taxonomy":"company_average_salary","embeddable":true,"href":"https:\/\/jobimpact.ca\/en\/wp-json\/wp\/v2\/company_average_salary?post=3409"},{"taxonomy":"company_revenue","embeddable":true,"href":"https:\/\/jobimpact.ca\/en\/wp-json\/wp\/v2\/company_revenue?post=3409"}],"curies":[{"name":"wp","href":"https:\/\/api.w.org\/{rel}","templated":true}]}}

<p>La Fondation canadienne pour le dialogue des cultures organise plusieurs projets nationaux visant à soutenir et promouvoir le dialogue et le rapprochement entre les différentes composantes de la société canadienne.</p>
