{"id":5891,"date":"2025-12-10T21:10:54","date_gmt":"2025-12-10T20:10:54","guid":{"rendered":"https:\/\/wordpress-403092-6062885.cloudwaysapps.com\/?post_type=company&#038;p=5891"},"modified":"2025-12-10T21:10:54","modified_gmt":"2025-12-10T20:10:54","slug":"communaute-du-trille-blanc","status":"publish","type":"company","link":"https:\/\/jobimpact.ca\/en\/company\/communaute-du-trille-blanc\/","title":{"rendered":"Communaut\u00e9 du Trille blanc"},"content":{"rendered":"<p>Agent-e de d\u00e9veloppement communautaire<\/p>\n<p>La Communaut\u00e9 du Trille blanc a vu le jour en 2019 gr\u00e2ce au regroupement de gens d\u2019affaires et d\u2019individus visionnaires cherchant \u00e0 offrir un environnement et une qualit\u00e9 de vie en langue fran\u00e7aise aux personnes \u00e2g\u00e9es de la grande r\u00e9gion de York, en Ontario. Le projet vise la construction d\u2019un complexe r\u00e9sidentiel et le d\u00e9veloppement de services en fran\u00e7ais destin\u00e9s \u00e0 une population \u00e2g\u00e9e et accessibles aux francophones et francophiles de tout \u00e2ge dans le but de favoriser les \u00e9changes interg\u00e9n\u00e9rationnels.<\/p>\n<p>Ce \u00ab village \u00bb, comprendra divers types d&#8217;unit\u00e9s d&#8217;h\u00e9bergement ainsi que des services commerciaux et communautaires visant \u00e0 cr\u00e9er une dynamique propre \u00e0 une communaut\u00e9 de langue fran\u00e7aise tant au plan op\u00e9rationnel que social. Ce nouveau village permettra aux groupes r\u00e9sidents d\u2019avoir leurs espaces propres et favorisera les interactions entre les diff\u00e9rents b\u00e9n\u00e9ficiaires tels que les propri\u00e9taires, les locataires, les visiteurs et la communaut\u00e9 de la r\u00e9gion.<br \/>\nDETAILS DU POSTE<\/p>\n<p>Salaire<\/p>\n<p>20,00$ de l\u2019heure<\/p>\n<p>Volet de programme :<\/p>\n<p>Jeunesse Canada au travail dans les deux langues officielles<\/p>\n<p>Lieu de l\u2019emploi :<\/p>\n<p>Newmarket, ON<\/p>\n<p>Dur\u00e9e de l&#8217;emploi :<\/p>\n<p>Fin mars 2024<\/p>\n<p>&nbsp;<\/p>\n<p>R\u00d4LES ET RESPONSABILIT\u00c9S<\/p>\n<p>\u00fc\u00a0 \u00c9laborer des outils de communication<\/p>\n<p>\u00fc\u00a0 G\u00e9rer et diffuser de l\u2019information<\/p>\n<p>\u00fc\u00a0 G\u00e9rer les activit\u00e9s du Club amical du Trille blanc<\/p>\n<p>\u00fc\u00a0 Effectuer des repr\u00e9sentations aupr\u00e8s d\u2019instances pertinentes<\/p>\n<p>\u00fc\u00a0 \u00c9valuer les opportunit\u00e9s de d\u00e9veloppement<\/p>\n<p>\u00fc\u00a0 Explorer les lieux de concertations possibles<\/p>\n<p>\u00fc\u00a0 D\u00e9velopper (recruter, coordonner,) des partenariats gagnant-gagnant avec des organismes\/entreprises\/b\u00e9n\u00e9voles<\/p>\n<p>\u00fc\u00a0 Faire des demandes de financement en fonction des besoins de l\u2019organisme<\/p>\n<p>\u00fc\u00a0 Participer \u00e0 la r\u00e9alisation d\u2019activit\u00e9s de promotion pour le mouvement communautaire<\/p>\n<p>\u00fc\u00a0 Animer des comit\u00e9s de travail<\/p>\n<p>\u00fc\u00a0 Assurer le service et le support aux membres<\/p>\n<p>\u00fc\u00a0 Participer \u00e0 des activit\u00e9s de d\u00e9veloppement communautaire.<\/p>\n<p>NOTE : Les t\u00e2ches mentionn\u00e9es refl\u00e8tent les \u00e9l\u00e9ments caract\u00e9ristiques de l\u2019emploi identifi\u00e9 et ne doivent pas \u00eatre consid\u00e9r\u00e9es comme une \u00e9num\u00e9ration exhaustive de toutes les exigences occupationnelles inh\u00e9rentes.<\/p>\n<p>PROFIL RECHERCH\u00c9 ET COMP\u00c9TENCES REQUISES<\/p>\n<p>\u00fc\u00a0 Formation coll\u00e9giale ou universitaire dans un domaine pertinent<\/p>\n<p>\u00fc\u00a0 Entregent, facilit\u00e9 \u00e0 communiquer dans divers contextes<\/p>\n<p>\u00fc\u00a0 Esprit strat\u00e9gique Excellent sens de l\u2019organisation Cr\u00e9ativit\u00e9 et polyvalence<\/p>\n<p>\u00fc\u00a0 Autonomie et initiative<\/p>\n<p>\u00fc\u00a0 Excellent fran\u00e7ais Anglais fonctionnel<\/p>\n<p>\u00fc\u00a0 Ma\u00eetrise des principaux outils informatiques : Suite Office, courriels, Facebook, Instagram, X, Twitter, LinkedIn<\/p>\n<p>\u00fc\u00a0 Capacit\u00e9 de se d\u00e9placer dans la r\u00e9gion de York<\/p>\n<p>ATOUTS<\/p>\n<p>\u00fc\u00a0 Exp\u00e9rience en gestion de projets<\/p>\n<p>\u00fc\u00a0 Connaissance du milieu communautaire de la r\u00e9gion de York<\/p>\n<p>\u00fc\u00a0 Connaissance des enjeux li\u00e9s aux a\u00een\u00e9s et au logement<\/p>\n<p>Conditions de travail<\/p>\n<p>35 heures par semaine (flexible \u2013 montant d\u2019heures \u00e0 d\u00e9terminer selon disponibilit\u00e9)<\/p>\n<p>Du lundi au vendredi, parfois les soir\u00e9es et fin de semaine (option de combinaison de travail en pr\u00e9sentiel et t\u00e9l\u00e9travail)<\/p>\n<p>Langue:<\/p>\n<p>\u00fc\u00a0 Fran\u00e7ais (obligatoire)<\/p>\n<p>Nous offrons des chances \u00e9gales \u00e0 tous.<\/p>\n","protected":false},"excerpt":{"rendered":"<p>Agent-e de d\u00e9veloppement communautaire La Communaut\u00e9 du Trille blanc a vu le jour en 2019 gr\u00e2ce au regroupement de gens d\u2019affaires et d\u2019individus visionnaires cherchant \u00e0 offrir un environnement et&#8230;<\/p>\n","protected":false},"author":322,"featured_media":0,"comment_status":"closed","ping_status":"closed","template":"","meta":{"_seopress_titles_title":"","_seopress_titles_desc":"","_seopress_robots_index":"","_seopress_robots_follow":"","_seopress_robots_imageindex":"","_seopress_robots_snippet":"","_seopress_robots_primary_cat":"","_seopress_robots_breadcrumbs":"","_seopress_robots_freeze_modified_date":"","_seopress_robots_custom_modified_date":"","_seopress_robots_canonical":"","_seopress_social_fb_title":"","_seopress_social_fb_desc":"","_seopress_social_fb_img":"","_seopress_social_fb_img_attachment_id":0,"_seopress_social_fb_img_width":0,"_seopress_social_fb_img_height":0,"_seopress_social_twitter_title":"","_seopress_social_twitter_desc":"","_seopress_social_twitter_img":"","_seopress_social_twitter_img_attachment_id":0,"_seopress_social_twitter_img_width":0,"_seopress_social_twitter_img_height":0,"_seopress_redirections_value":"","_seopress_redirections_enabled":"","_seopress_redirections_enabled_regex":"","_seopress_redirections_logged_status":"","_seopress_redirections_param":"","_seopress_redirections_type":0,"_seopress_analysis_target_kw":"","_seopress_news_disabled":"","_seopress_video_disabled":"","_seopress_video":[],"_seopress_pro_schemas_manual":[],"_seopress_pro_rich_snippets_disable_all":"","_seopress_pro_rich_snippets_disable":[],"_seopress_pro_schemas":[]},"company_category":[205],"company_strength":[],"company_average_salary":[],"company_revenue":[],"class_list":["post-5891","company","type-company","status-publish","hentry","company_category-community"],"_links":{"self":[{"href":"https:\/\/jobimpact.ca\/en\/wp-json\/wp\/v2\/company\/5891","targetHints":{"allow":["GET"]}}],"collection":[{"href":"https:\/\/jobimpact.ca\/en\/wp-json\/wp\/v2\/company"}],"about":[{"href":"https:\/\/jobimpact.ca\/en\/wp-json\/wp\/v2\/types\/company"}],"author":[{"embeddable":true,"href":"https:\/\/jobimpact.ca\/en\/wp-json\/wp\/v2\/users\/322"}],"replies":[{"embeddable":true,"href":"https:\/\/jobimpact.ca\/en\/wp-json\/wp\/v2\/comments?post=5891"}],"wp:attachment":[{"href":"https:\/\/jobimpact.ca\/en\/wp-json\/wp\/v2\/media?parent=5891"}],"wp:term":[{"taxonomy":"company_category","embeddable":true,"href":"https:\/\/jobimpact.ca\/en\/wp-json\/wp\/v2\/company_category?post=5891"},{"taxonomy":"company_strength","embeddable":true,"href":"https:\/\/jobimpact.ca\/en\/wp-json\/wp\/v2\/company_strength?post=5891"},{"taxonomy":"company_average_salary","embeddable":true,"href":"https:\/\/jobimpact.ca\/en\/wp-json\/wp\/v2\/company_average_salary?post=5891"},{"taxonomy":"company_revenue","embeddable":true,"href":"https:\/\/jobimpact.ca\/en\/wp-json\/wp\/v2\/company_revenue?post=5891"}],"curies":[{"name":"wp","href":"https:\/\/api.w.org\/{rel}","templated":true}]}}

Communauté du Trille blanc

<p>Agent-e de développement communautaire</p>
<p>La Communauté du Trille blanc a vu le jour en 2019 grâce au regroupement de gens d’affaires et d’individus visionnaires cherchant à offrir un environnement et une qualité de vie en langue française aux personnes âgées de la grande région de York, en Ontario. Le projet vise la construction d’un complexe résidentiel et le développement de services en français destinés à une population âgée et accessibles aux francophones et francophiles de tout âge dans le but de favoriser les échanges intergénérationnels.</p>
<p>Ce « village », comprendra divers types d&#8217;unités d&#8217;hébergement ainsi que des services commerciaux et communautaires visant à créer une dynamique propre à une communauté de langue française tant au plan opérationnel que social. Ce nouveau village permettra aux groupes résidents d’avoir leurs espaces propres et favorisera les interactions entre les différents bénéficiaires tels que les propriétaires, les locataires, les visiteurs et la communauté de la région.<br />
DETAILS DU POSTE</p>
<p>Salaire</p>
<p>20,00$ de l’heure</p>
<p>Volet de programme :</p>
<p>Jeunesse Canada au travail dans les deux langues officielles</p>
<p>Lieu de l’emploi :</p>
<p>Newmarket, ON</p>
<p>Durée de l&#8217;emploi :</p>
<p>Fin mars 2024</p>
<p>&nbsp;</p>
<p>RÔLES ET RESPONSABILITÉS</p>
<p>ü  Élaborer des outils de communication</p>
<p>ü  Gérer et diffuser de l’information</p>
<p>ü  Gérer les activités du Club amical du Trille blanc</p>
<p>ü  Effectuer des représentations auprès d’instances pertinentes</p>
<p>ü  Évaluer les opportunités de développement</p>
<p>ü  Explorer les lieux de concertations possibles</p>
<p>ü  Développer (recruter, coordonner,) des partenariats gagnant-gagnant avec des organismes/entreprises/bénévoles</p>
<p>ü  Faire des demandes de financement en fonction des besoins de l’organisme</p>
<p>ü  Participer à la réalisation d’activités de promotion pour le mouvement communautaire</p>
<p>ü  Animer des comités de travail</p>
<p>ü  Assurer le service et le support aux membres</p>
<p>ü  Participer à des activités de développement communautaire.</p>
<p>NOTE : Les tâches mentionnées reflètent les éléments caractéristiques de l’emploi identifié et ne doivent pas être considérées comme une énumération exhaustive de toutes les exigences occupationnelles inhérentes.</p>
<p>PROFIL RECHERCHÉ ET COMPÉTENCES REQUISES</p>
<p>ü  Formation collégiale ou universitaire dans un domaine pertinent</p>
<p>ü  Entregent, facilité à communiquer dans divers contextes</p>
<p>ü  Esprit stratégique Excellent sens de l’organisation Créativité et polyvalence</p>
<p>ü  Autonomie et initiative</p>
<p>ü  Excellent français Anglais fonctionnel</p>
<p>ü  Maîtrise des principaux outils informatiques : Suite Office, courriels, Facebook, Instagram, X, Twitter, LinkedIn</p>
<p>ü  Capacité de se déplacer dans la région de York</p>
<p>ATOUTS</p>
<p>ü  Expérience en gestion de projets</p>
<p>ü  Connaissance du milieu communautaire de la région de York</p>
<p>ü  Connaissance des enjeux liés aux aînés et au logement</p>
<p>Conditions de travail</p>
<p>35 heures par semaine (flexible – montant d’heures à déterminer selon disponibilité)</p>
<p>Du lundi au vendredi, parfois les soirées et fin de semaine (option de combinaison de travail en présentiel et télétravail)</p>
<p>Langue:</p>
<p>ü  Français (obligatoire)</p>
<p>Nous offrons des chances égales à tous.</p>

<p>Agent-e de développement communautaire La Communauté du Trille blanc a vu le jour en 2019 grâce au regroupement de gens d’affaires et d’individus visionnaires cherchant à offrir un environnement et&#8230;</p>
