{"id":6047,"date":"2025-12-10T20:56:07","date_gmt":"2025-12-10T19:56:07","guid":{"rendered":"https:\/\/wordpress-403092-6062885.cloudwaysapps.com\/?post_type=company&#038;p=6047"},"modified":"2025-12-10T20:56:07","modified_gmt":"2025-12-10T19:56:07","slug":"mifo-mouvement-dimplication-francophone-dorleans","status":"publish","type":"company","link":"https:\/\/jobimpact.ca\/en\/company\/mifo-mouvement-dimplication-francophone-dorleans\/","title":{"rendered":"MIFO &#8211; Mouvement d&#8217;implication Francophone d&#8217;Orl\u00e9ans"},"content":{"rendered":"<p>LE MIFO<\/p>\n<p>Le Mouvement d\u2019implication francophone d\u2019Orl\u00e9ans (MIFO) est un organisme sans but lucratif faisant la promotion de la culture francophone en contribuant \u00e0 son \u00e9panouissement par l\u2019offre d\u2019activit\u00e9s et de services \u00e9ducatifs, artistiques et communautaires \u00e0 la population d\u2019Orl\u00e9ans et ses environs. Le MIFO est un milieu de travail dynamique, innovateur et qui favorise la qu\u00eate de nouveaux d\u00e9fis.<\/p>\n","protected":false},"excerpt":{"rendered":"<p>LE MIFO Le Mouvement d\u2019implication francophone d\u2019Orl\u00e9ans (MIFO) est un organisme sans but lucratif faisant la promotion de la culture francophone en contribuant \u00e0 son \u00e9panouissement par l\u2019offre d\u2019activit\u00e9s et&#8230;<\/p>\n","protected":false},"author":180,"featured_media":0,"comment_status":"closed","ping_status":"closed","template":"","meta":{"_seopress_titles_title":"","_seopress_titles_desc":"","_seopress_robots_index":"","_seopress_robots_follow":"","_seopress_robots_imageindex":"","_seopress_robots_snippet":"","_seopress_robots_primary_cat":"","_seopress_robots_breadcrumbs":"","_seopress_robots_freeze_modified_date":"","_seopress_robots_custom_modified_date":"","_seopress_robots_canonical":"","_seopress_social_fb_title":"","_seopress_social_fb_desc":"","_seopress_social_fb_img":"","_seopress_social_fb_img_attachment_id":0,"_seopress_social_fb_img_width":0,"_seopress_social_fb_img_height":0,"_seopress_social_twitter_title":"","_seopress_social_twitter_desc":"","_seopress_social_twitter_img":"","_seopress_social_twitter_img_attachment_id":0,"_seopress_social_twitter_img_width":0,"_seopress_social_twitter_img_height":0,"_seopress_redirections_value":"","_seopress_redirections_enabled":"","_seopress_redirections_enabled_regex":"","_seopress_redirections_logged_status":"","_seopress_redirections_param":"","_seopress_redirections_type":0,"_seopress_analysis_target_kw":"","_seopress_news_disabled":"","_seopress_video_disabled":"","_seopress_video":[],"_seopress_pro_schemas_manual":[],"_seopress_pro_rich_snippets_disable_all":"","_seopress_pro_rich_snippets_disable":[],"_seopress_pro_schemas":[]},"company_category":[],"company_strength":[],"company_average_salary":[],"company_revenue":[],"class_list":["post-6047","company","type-company","status-publish","hentry"],"_links":{"self":[{"href":"https:\/\/jobimpact.ca\/en\/wp-json\/wp\/v2\/company\/6047","targetHints":{"allow":["GET"]}}],"collection":[{"href":"https:\/\/jobimpact.ca\/en\/wp-json\/wp\/v2\/company"}],"about":[{"href":"https:\/\/jobimpact.ca\/en\/wp-json\/wp\/v2\/types\/company"}],"author":[{"embeddable":true,"href":"https:\/\/jobimpact.ca\/en\/wp-json\/wp\/v2\/users\/180"}],"replies":[{"embeddable":true,"href":"https:\/\/jobimpact.ca\/en\/wp-json\/wp\/v2\/comments?post=6047"}],"wp:attachment":[{"href":"https:\/\/jobimpact.ca\/en\/wp-json\/wp\/v2\/media?parent=6047"}],"wp:term":[{"taxonomy":"company_category","embeddable":true,"href":"https:\/\/jobimpact.ca\/en\/wp-json\/wp\/v2\/company_category?post=6047"},{"taxonomy":"company_strength","embeddable":true,"href":"https:\/\/jobimpact.ca\/en\/wp-json\/wp\/v2\/company_strength?post=6047"},{"taxonomy":"company_average_salary","embeddable":true,"href":"https:\/\/jobimpact.ca\/en\/wp-json\/wp\/v2\/company_average_salary?post=6047"},{"taxonomy":"company_revenue","embeddable":true,"href":"https:\/\/jobimpact.ca\/en\/wp-json\/wp\/v2\/company_revenue?post=6047"}],"curies":[{"name":"wp","href":"https:\/\/api.w.org\/{rel}","templated":true}]}}

MIFO &#8211; Mouvement d&#8217;implication Francophone d&#8217;Orléans

<p>LE MIFO</p>
<p>Le Mouvement d’implication francophone d’Orléans (MIFO) est un organisme sans but lucratif faisant la promotion de la culture francophone en contribuant à son épanouissement par l’offre d’activités et de services éducatifs, artistiques et communautaires à la population d’Orléans et ses environs. Le MIFO est un milieu de travail dynamique, innovateur et qui favorise la quête de nouveaux défis.</p>

<p>LE MIFO Le Mouvement d’implication francophone d’Orléans (MIFO) est un organisme sans but lucratif faisant la promotion de la culture francophone en contribuant à son épanouissement par l’offre d’activités et&#8230;</p>
