{"id":6946,"date":"2025-12-10T21:11:28","date_gmt":"2025-12-10T20:11:28","guid":{"rendered":"https:\/\/wordpress-403092-6062885.cloudwaysapps.com\/?post_type=company&#038;p=6946"},"modified":"2025-12-10T21:11:28","modified_gmt":"2025-12-10T20:11:28","slug":"interlude","status":"publish","type":"company","link":"https:\/\/jobimpact.ca\/en\/company\/interlude\/","title":{"rendered":"Interlude"},"content":{"rendered":"<p>EXIGENCES<\/p>\n<p>\u00b7\u00a0\u00a0\u00a0\u00a0\u00a0\u00a0\u00a0 Dipl\u00f4me d\u2019\u00e9tudes coll\u00e9giales en travail social ou en sciences humaines\/sociales;<\/p>\n<p>\u00b7\u00a0\u00a0\u00a0\u00a0\u00a0\u00a0\u00a0 Deux ans d\u2019exp\u00e9rience en relation d\u2019aide ainsi qu\u2019en intervention dans le domaine de la violence faite aux femmes serait un atout;<\/p>\n<p>\u00b7\u00a0\u00a0\u00a0\u00a0\u00a0\u00a0\u00a0 Capacit\u00e9 d\u2019analyse de la violence faite aux femmes par l\u2019approche f\u00e9ministe;<\/p>\n<p>\u00b7\u00a0\u00a0\u00a0\u00a0\u00a0\u00a0\u00a0 Tr\u00e8s bonnes connaissances du counseling pratique et de la gestion de cas;<\/p>\n<p>\u00b7\u00a0\u00a0\u00a0\u00a0\u00a0\u00a0\u00a0 Tr\u00e8s bonnes connaissances des services, ressources et programmes li\u00e9s ou non \u00e0 la violence faite aux femmes dans la grande r\u00e9gion de Prescott-Russell et Stormont, Dundas et Glengarry;<\/p>\n<p>\u00b7\u00a0\u00a0\u00a0\u00a0\u00a0\u00a0\u00a0 Tr\u00e8s bonnes connaissances du fran\u00e7ais et de l\u2019anglais, \u00e0 l\u2019oral et \u00e0 l\u2019\u00e9crit;<\/p>\n<p>\u00b7\u00a0\u00a0\u00a0\u00a0\u00a0\u00a0\u00a0 Connaissance de base de l\u2019utilisation d\u2019un ordinateur et de la Suite Microsoft;<\/p>\n<p>\u00b7\u00a0\u00a0\u00a0\u00a0\u00a0\u00a0\u00a0 Bonnes connaissances d\u2019un logiciel de gestion de donn\u00e9es; connaissance du logiciel WISH, un atout;<\/p>\n<p>\u00b7\u00a0\u00a0\u00a0\u00a0\u00a0\u00a0\u00a0 Possession d\u2019un permis de conduite d\u2019automobile valide et d\u2019un v\u00e9hicule fiable et assur\u00e9; et<\/p>\n<p>\u00b7\u00a0\u00a0\u00a0\u00a0\u00a0\u00a0\u00a0 Obtenir, avant de commencer le travail, une v\u00e9rification des ant\u00e9c\u00e9dents judiciaires pour travail aupr\u00e8s des client\u00e8les vuln\u00e9rables (VAPV).<\/p>\n<p>&nbsp;<\/p>\n<p>Veuillez faire parvenir votre curriculum vitae \u00e0 candidatures@minterludeh.ca. Pour voir la description de t\u00e2ches compl\u00e8te, veuillez consulter notre site internet\u00a0: www.minterludeh.ca.<\/p>\n","protected":false},"excerpt":{"rendered":"<p>EXIGENCES \u00b7\u00a0\u00a0\u00a0\u00a0\u00a0\u00a0\u00a0 Dipl\u00f4me d\u2019\u00e9tudes coll\u00e9giales en travail social ou en sciences humaines\/sociales; \u00b7\u00a0\u00a0\u00a0\u00a0\u00a0\u00a0\u00a0 Deux ans d\u2019exp\u00e9rience en relation d\u2019aide ainsi qu\u2019en intervention dans le domaine de la violence faite aux&#8230;<\/p>\n","protected":false},"author":315,"featured_media":0,"comment_status":"closed","ping_status":"closed","template":"","meta":{"_seopress_titles_title":"","_seopress_titles_desc":"","_seopress_robots_index":"","_seopress_robots_follow":"","_seopress_robots_imageindex":"","_seopress_robots_snippet":"","_seopress_robots_primary_cat":"","_seopress_robots_breadcrumbs":"","_seopress_robots_freeze_modified_date":"","_seopress_robots_custom_modified_date":"","_seopress_robots_canonical":"","_seopress_social_fb_title":"","_seopress_social_fb_desc":"","_seopress_social_fb_img":"","_seopress_social_fb_img_attachment_id":0,"_seopress_social_fb_img_width":0,"_seopress_social_fb_img_height":0,"_seopress_social_twitter_title":"","_seopress_social_twitter_desc":"","_seopress_social_twitter_img":"","_seopress_social_twitter_img_attachment_id":0,"_seopress_social_twitter_img_width":0,"_seopress_social_twitter_img_height":0,"_seopress_redirections_value":"","_seopress_redirections_enabled":"","_seopress_redirections_enabled_regex":"","_seopress_redirections_logged_status":"","_seopress_redirections_param":"","_seopress_redirections_type":0,"_seopress_analysis_target_kw":"","_seopress_news_disabled":"","_seopress_video_disabled":"","_seopress_video":[],"_seopress_pro_schemas_manual":[],"_seopress_pro_rich_snippets_disable_all":"","_seopress_pro_rich_snippets_disable":[],"_seopress_pro_schemas":[]},"company_category":[205],"company_strength":[],"company_average_salary":[],"company_revenue":[],"class_list":["post-6946","company","type-company","status-publish","hentry","company_category-community"],"_links":{"self":[{"href":"https:\/\/jobimpact.ca\/en\/wp-json\/wp\/v2\/company\/6946","targetHints":{"allow":["GET"]}}],"collection":[{"href":"https:\/\/jobimpact.ca\/en\/wp-json\/wp\/v2\/company"}],"about":[{"href":"https:\/\/jobimpact.ca\/en\/wp-json\/wp\/v2\/types\/company"}],"author":[{"embeddable":true,"href":"https:\/\/jobimpact.ca\/en\/wp-json\/wp\/v2\/users\/315"}],"replies":[{"embeddable":true,"href":"https:\/\/jobimpact.ca\/en\/wp-json\/wp\/v2\/comments?post=6946"}],"wp:attachment":[{"href":"https:\/\/jobimpact.ca\/en\/wp-json\/wp\/v2\/media?parent=6946"}],"wp:term":[{"taxonomy":"company_category","embeddable":true,"href":"https:\/\/jobimpact.ca\/en\/wp-json\/wp\/v2\/company_category?post=6946"},{"taxonomy":"company_strength","embeddable":true,"href":"https:\/\/jobimpact.ca\/en\/wp-json\/wp\/v2\/company_strength?post=6946"},{"taxonomy":"company_average_salary","embeddable":true,"href":"https:\/\/jobimpact.ca\/en\/wp-json\/wp\/v2\/company_average_salary?post=6946"},{"taxonomy":"company_revenue","embeddable":true,"href":"https:\/\/jobimpact.ca\/en\/wp-json\/wp\/v2\/company_revenue?post=6946"}],"curies":[{"name":"wp","href":"https:\/\/api.w.org\/{rel}","templated":true}]}}

<p>EXIGENCES</p>
<p>·        Diplôme d’études collégiales en travail social ou en sciences humaines/sociales;</p>
<p>·        Deux ans d’expérience en relation d’aide ainsi qu’en intervention dans le domaine de la violence faite aux femmes serait un atout;</p>
<p>·        Capacité d’analyse de la violence faite aux femmes par l’approche féministe;</p>
<p>·        Très bonnes connaissances du counseling pratique et de la gestion de cas;</p>
<p>·        Très bonnes connaissances des services, ressources et programmes liés ou non à la violence faite aux femmes dans la grande région de Prescott-Russell et Stormont, Dundas et Glengarry;</p>
<p>·        Très bonnes connaissances du français et de l’anglais, à l’oral et à l’écrit;</p>
<p>·        Connaissance de base de l’utilisation d’un ordinateur et de la Suite Microsoft;</p>
<p>·        Bonnes connaissances d’un logiciel de gestion de données; connaissance du logiciel WISH, un atout;</p>
<p>·        Possession d’un permis de conduite d’automobile valide et d’un véhicule fiable et assuré; et</p>
<p>·        Obtenir, avant de commencer le travail, une vérification des antécédents judiciaires pour travail auprès des clientèles vulnérables (VAPV).</p>
<p>&nbsp;</p>
<p>Veuillez faire parvenir votre curriculum vitae à candidatures@minterludeh.ca. Pour voir la description de tâches complète, veuillez consulter notre site internet : www.minterludeh.ca.</p>

<p>EXIGENCES ·        Diplôme d’études collégiales en travail social ou en sciences humaines/sociales; ·        Deux ans d’expérience en relation d’aide ainsi qu’en intervention dans le domaine de la violence faite aux&#8230;</p>
